2*c + 134. Let w = x - -25. Is w prime?
True
Let b(h) = -h**2 - 8*h - 7. Let o be b(-7). Let p = o + 0. Is (-1 + p)/((-1)/7) prime?
True
Let w = 11599 - 8106. Is w composite?
True
Let n(x) be the second derivative of x**6/180 + x**5/40 + x**4/6 - x**3/6 - 2*x. Let o(y) be the second derivative of n(y). Is o(3) prime?
True
Suppose k + 6 = 5*k + 3*y, 0 = -3*k - 3*y + 6. Let c(z) = -z + 2*z**2 + 2*z**3 - 5*z**2 + k*z**3 + 2. Is c(2) a prime number?
False
Suppose -5*h - k + 1841 = -1493, -3*k = 3. Is h prime?
False
Let j = -19 - -31. Let o be 1341/j - 2/(-8). Suppose 0 = 5*p - 63 - o. Is p composite?
True
Let h be (142/(-4))/((-2)/24). Suppose -3*j - 3*c - h = -6*j, -3*c + 146 = j. Is j a composite number?
True
Suppose -2*s - 3*s + 165 = 0. Is s prime?
False
Suppose -98 - 40 = -3*s. Let u = -11 + s. Is u composite?
True
Let u be ((-38)/3)/(7/147). Let s = 69 - u. Is s a prime number?
False
Let a be 45844/20 + 3/(-15). Let r = -1325 + a. Is r prime?
True
Is ((-122)/(-2))/((-4)/(-20)) composite?
True
Is (27/18)/((-3)/(-3602)) a prime number?
True
Suppose 5*b - 3*b - 52 = 4*k, -b = 5*k + 79. Let y = k + 37. Is y a prime number?
False
Suppose 4*f - 2*f = 6. Let w be 3 - 1*(f + -2). Suppose g - 138 = -5*o, w*g = 5*g + 5*o - 464. Is g a composite number?
False
Suppose -3*q + 12 = -9*q. Is -1 + q/(-1) + 628 a prime number?
False
Suppose 5*g + 5*y + 2 = 2*y, 4*y = 3*g + 7. Let j(s) = -279*s**2. Let q(x) = -93*x**2. Let r(h) = 2*j(h) - 7*q(h). Is r(g) prime?
False
Let m(n) be the third derivative of n**6/180 + n**5/20 + n**4/12 - 3*n**2. Let z(x) be the second derivative of m(x). Is z(7) a prime number?
False
Suppose -3*u - 4 = u. Let v be -145 + -2 + 3 + u. Let g = -30 - v. Is g a composite number?
True
Let a = 717 - 506. Suppose 0 = -n - 5*k + a, -3*k + 352 = 4*n - 509. Suppose h = 2*i + 3*i + n, 0 = 3*h + 5*i - 548. Is h composite?
False
Let p(x) = -x**2 - 9*x. Let q be p(-9). Suppose q*z + z = -4*d + 148, 5*z - 185 = -5*d. Is d composite?
False
Let c(w) = w + 8. Let s(x) = -x**2 + 6. Let h be s(0). Is c(h) composite?
True
Suppose -86 - 25 = -o + z, 5*z = -2*o + 229. Suppose 4*b - o = 76. Is b a prime number?
True
Is (1 + 0 - -397)/(-2)*-3 composite?
True
Suppose v + 22 = -5*g, 11 = -v - 3*g - 1. Suppose -33 = -v*m - 4*f, f - 6 = -m - 2*f. Is m a prime number?
False
Let q(x) be the first derivative of -x**7/840 - x**6/90 - x**5/40 - x**4/4 + x**3/3 - 1. Let g(y) be the third derivative of q(y). Is g(-5) composite?
True
Let g = -931 + 5552. Is g prime?
True
Let p = 177 - 120. Is p a composite number?
True
Suppose -12 = -0*m - 3*m. Let s(d) = -1 - m*d**3 - 2*d**2 - 2*d - 11*d**3 - 8*d**3. Is s(-1) a prime number?
False
Suppose 2*j = -235 + 981. Is j prime?
True
Let u = -249 - -505. Let c be -1*(-1)/(-2)*-30. Suppose c = 5*y, -y - 2*y - u = -5*k. Is k prime?
True
Let n(i) = -7*i**3 + 1. Let l be n(-1). Suppose -5*d = -3*u - 44, l + 0 = 2*d + 2*u. Is (-4)/14 - (-807)/d a composite number?
True
Let k(p) be the third derivative of 0 + 2*p**2 + 5/24*p**4 + 0*p - 3/2*p**3. Is k(8) prime?
True
Let d be (8 - 12)/(4/(-6)). Let k(w) = 7*w + 3 + 4 - 6*w**2 + 2*w**3 + 0*w**3. Is k(d) composite?
True
Suppose -1 = -4*i + 15. Let o(s) = -s**3 + 4*s**2 + 4*s + 3. Is o(i) prime?
True
Let h(i) = 129*i**3 - i**2 - 2*i - 1. Let y be h(-1). Let b = -92 - y. Is b a prime number?
True
Let c be 1/2*(-3 + 3). Suppose c = b + 7 + 2. Is (-1)/((-1 - -4)/b) a composite number?
False
Let d = 319 + -174. Is d prime?
False
Suppose -7*k + 69 = -6*k. Is k a prime number?
False
Suppose 0 = -f + 2*q - q, 4*f + 5*q = 36. Suppose 9 - 1 = 4*u. Suppose f*i - 166 = u*i. Is i composite?
False
Let a(p) = 2*p**3 + 2*p**2 - 12*p + 14. Is a(6) a prime number?
False
Let k be (1 - 2)*(-6 - 3). Suppose 3*a - 262 = 2*p + k, 3*p + 267 = 3*a. Is a a composite number?
True
Let l = 74 - 5. Is l a composite number?
True
Let b be (-7)/28 + (-2)/(-8). Suppose 2*r = -b*r + 10. Let k = r + 30. Is k composite?
True
Let c(s) = 3*s**2 - 8*s - 1. Suppose -5*n + 21 = -2*b - 25, -26 = -4*n - 2*b. Is c(n) a prime number?
True
Let o(i) = 14*i - 1. Suppose -2*b - z + 13 = 0, z + 3*z - 7 = b. Suppose x - 8 = b*x, -10 = -2*c + 4*x. Is o(c) a prime number?
True
Suppose 2*a = -3*p + 2*p + 12, a + 4*p + 8 = 0. Let k be (-4 + a)*1/2. Suppose 0*g - k*g + 94 = 0. Is g composite?
False
Let h = -17 - -6. Let l(g) = -8*g - 3. Let y(x) = 3*x + 1. Let z(v) = h*y(v) - 4*l(v). Is z(-3) prime?
False
Suppose z - 5*a = 4*z - 3920, 0 = -3*z + 4*a + 3965. Is z prime?
False
Suppose 2*f - 4 = 2*a, 0*a - 3*f = -a - 2. Let t = 4 + a. Suppose 4*m - 2*d = 124, 3*m + 0*m - t*d - 93 = 0. Is m prime?
True
Let c(p) = -p**2 - 25*p - 17. Is c(-16) composite?
False
Suppose 30 = -4*h + 3*o, h = 6*o - o + 1. Let z(k) = -8*k + 11. Is z(h) prime?
True
Let c(b) = -5 - 3*b + 3*b**2 + 2*b**2 + b**3 - 3*b. Suppose -4*q = 3*i + 14, 2*q - 2*i + 7 = -7. Is c(q) prime?
False
Suppose 2*f = 2*m - 274, 5*m = -6*f + f + 655. Is m prime?
False
Let l = 3 - 3. Suppose l*k = 3*k. Suppose 777 = 3*b - k*b. Is b a prime number?
False
Suppose 0 = h - 4, 0 = w - 0*w - h - 1. Let g be (-4)/((-5)/(w/2)). Suppose 3*a - a = 4, 0 = -2*z + 5*a + g. Is z a composite number?
True
Let y(j) = 0*j + j**2 - 1 + 0*j**2 + 0 + 6*j**3 - 2*j. Let n = 6 - 4. Is y(n) a composite number?
False
Let n(j) = 35*j**2 - 10*j - 3. Is n(-4) a composite number?
True
Suppose -5*v = 5*i - 985, 0*v + 4*v = 2*i - 418. Let b(q) = q**3 - 4*q**2 + q - 1. Let c be b(4). Suppose 0 = c*u - 0*u - i. Is u a prime number?
True
Suppose b - 12 = -5*h, b - 3*b = -h - 2. Suppose 0 = w + 4*c - 53, 54 = h*w - 5*c - 13. Suppose -w = -5*n + 64. Is n a composite number?
True
Let o(i) = -4*i - 5. Suppose -3*r = 2*r - 2800. Let n be r/(-55) + (-4)/(-22). Is o(n) a prime number?
False
Suppose -3*o + 786 = -333. Is o composite?
False
Suppose 0*u = -u + 21. Is u a prime number?
False
Let a(u) = 16*u + 3. Suppose r + n = 1, r - 16 = 8*n - 4*n. Let s = r + 0. Is a(s) prime?
True
Suppose 2*w + 5*m = -w + 14, 5*w - 2*m - 13 = 0. Suppose -w*h = -313 + 46. Is h composite?
False
Suppose 7*t + 174 = 9*t. Is t prime?
False
Let j(v) = 21*v + 1. Is j(10) prime?
True
Let r be (-8)/20 + 144/10. Let f = -1 + r. Is f a prime number?
True
Let a(t) = 3*t + 1. Let u be a(1). Suppose -2*j = 3*n - 410, -208 = -3*j + u*n + 441. Is j composite?
False
Let r = 1 + 1. Suppose 0 = -4*m - r*p - 5 - 5, -3*p = 4*m + 15. Suppose 5*y - 3*y - 5*d + 2 = 0, 4*y + 3*d - 22 = m. Is y prime?
False
Let h(c) = -64*c + 1. Let x(a) = 319*a - 5. Let m(q) = -11*h(q) - 2*x(q). Is m(1) composite?
True
Suppose u - 19 = 10. Suppose -2*y = u - 103. Is y composite?
False
Let l = 7 - 3. Suppose 132 = q + h, l*h - 23 = -5*q + 636. Is q a prime number?
True
Is 2 + (-20)/12 + 43904/12 a composite number?
False
Let x(m) = m**3 + m**2 + m - 5. Let o be x(0). Let u(g) = -g**3 - 4*g**2 + 2*g. Is u(o) prime?
False
Suppose -5*c + y + 4*y = -10, 5*y = c + 2. Suppose -q = m - 0*m - 40, -q = -c. Is m a composite number?
False
Let l = 141 - 97. Suppose -t = -7 - l. Is t a prime number?
False
Let l(g) = -g. Let q(a) = -8*a - 13. Let n(p) = -3*l(p) + q(p). Is n(-10) a composite number?
False
Suppose 3*n - 43515 = -6*n. Is n composite?
True
Let q(d) = -34*d + 44. Let s(z) = -11*z + 15. Let u(k) = -6*q(k) + 17*s(k). Is u(8) a prime number?
True
Let g be (-1 - -168)*(3 - 2). Suppose 4*d + d = -s + g, 0 = -s + 2*d + 153. Is s a composite number?
False
Let v(s) = 2*s + 164. Let w(x) = x + 163. Let z(p) = -2*v(p) + 3*w(p). Let t = -11 - -11. Is z(t) prime?
False
Let z = 8 + -8. Suppose -w + 2*w - 178 = z. Suppose -g + w = g. Is g composite?
False
Let x(q) = -41*q + 1. Let w be (2/(-3))/(2/6). Is x(w) composite?
False
Let n(p) = 49*p**2 - 22*p + 5. Is n(4) a prime number?
True
Let k = -221 + 1504. Is k prime?
True
Let n be (-30)/8 + (-3)/(-4). Is ((-113)/n)/((-5)/(-15)) prime?
True
Let t = 1 + -3. Is ((-153)/6)/(1/t) prime?
False
Suppose 0 = -5*m + 8238 - 3193. Is m composite?
False
Is ((-12)/3 - -1970) + 2/2 prime?
False
Suppose 2*s + 2 = 3*s. Suppose -5*j - 2*h = -6*h, 0 = -2*j - s*h + 18. Suppose 4*q = -v + 84 + 46, -j*v - 8 = 0. Is q composite?
True
Let x = 13 - -13. Let t(r) = r + 6. Let j be t(-6). Suppose b + b - x = j. Is b a composite number?
False
Let r(m) = m**3 + 3*m**2 - m - 4. Let v be